{"id":8,"date":"2022-02-16T10:20:21","date_gmt":"2022-02-16T13:20:21","guid":{"rendered":"https:\/\/sigeral.com\/cardiolight\/?page_id=8"},"modified":"2022-03-16T12:20:22","modified_gmt":"2022-03-16T15:20:22","slug":"home","status":"publish","type":"page","link":"https:\/\/sigeral.com\/cardiolight\/","title":{"rendered":"Home"},"content":{"rendered":"<p>[vc_row typo_style=&#8221;light&#8221; bg_type=&#8221;image&#8221; parallax_style=&#8221;vcpb-vz-jquery&#8221; bg_image_new=&#8221;id^52|url^https:\/\/sigeral.com\/cardiolight\/wp-content\/uploads\/2022\/02\/img-slider-01.jpg|caption^null|alt^null|title^img-slider-01|description^null&#8221; bg_image_repeat=&#8221;no-repeat&#8221; bg_override=&#8221;full&#8221; enable_overlay=&#8221;enable_overlay_value&#8221; overlay_color=&#8221;rgba(33,25,21,0.75)&#8221; overlay_pattern=&#8221;01.png&#8221;][vc_column][vc_empty_space height=&#8221;50px&#8221;][vc_row_inner][vc_column_inner width=&#8221;1\/6&#8243;][\/vc_column_inner][vc_column_inner width=&#8221;2\/3&#8243;][vc_column_text]<\/p>\n<h2 style=\"text-align: center;\">OFERE\u00c7A O QUE H\u00c1 DE MAIS MODERNO EM EXAMES CARDIOL\u00d3GICOS PARA OS SEUS PACIENTES<\/h2>\n<p>[\/vc_column_text]<div class=\" ubtn-ctn-center \"><a class=\"ubtn-link ult-adjust-bottom-margin ubtn-center ubtn-small \" href=\"#section-holter\" ><button type=\"button\" id=\"ubtn-3573\"  class=\"ubtn ult-adjust-bottom-margin ult-responsive ubtn-small ubtn-no-hover-bg  none  ubtn-center   tooltip-6a05c6c3ebb76\"  data-hover=\"#f6393b\" data-border-color=\"\" data-bg=\"#f6393b\" data-hover-bg=\"#ffffff\" data-border-hover=\"\" data-shadow-hover=\"\" data-shadow-click=\"none\" data-shadow=\"\" data-shd-shadow=\"\"  data-ultimate-target='#ubtn-3573'  data-responsive-json-new='{\"font-size\":\"\",\"line-height\":\"\"}'  style=\"font-weight:bold;border:none;background: #f6393b;color: #ffffff;\"><span class=\"ubtn-hover\" style=\"background-color:#ffffff\"><\/span><span class=\"ubtn-data ubtn-text \" >CONHE\u00c7A MAIS SOBRE O CARDIOLIGHT<\/span><\/button><\/a><\/div>[\/vc_column_inner][vc_column_inner width=&#8221;1\/6&#8243;][\/vc_column_inner][\/vc_row_inner][vc_empty_space height=&#8221;50px&#8221;][\/vc_column][\/vc_row][vc_row el_id=&#8221;section-holter&#8221;][vc_column width=&#8221;1\/2&#8243;]<div id=\"ultimate-heading-27456a05c6c3ebc50\" class=\"uvc-heading ult-adjust-bottom-margin ultimate-heading-27456a05c6c3ebc50 uvc-6568 \" data-hspacer=\"line_only\"  data-halign=\"left\" style=\"text-align:left\"><div class=\"uvc-heading-spacer line_only\" style=\"topheight:10px;\"><span class=\"uvc-headings-line\" style=\"border-style:solid;border-bottom-width:10px;border-color:#234a97;width:40px;\"><\/span><\/div><div class=\"uvc-main-heading ult-responsive\"  data-ultimate-target='.uvc-heading.ultimate-heading-27456a05c6c3ebc50 h2'  data-responsive-json-new='{\"font-size\":\"desktop:24px;\",\"line-height\":\"\"}' ><h2 style=\"font-weight:bold;margin-bottom:30px;\">A fam\u00edlia de Holter que representa um salto tecnol\u00f3gico, um produto robusto que possui transmiss\u00e3o infravermelho, detec\u00e7\u00e3o de marcapasso, alarmes sonoros e visuais.<\/h2><\/div><div class=\"uvc-sub-heading ult-responsive\"  data-ultimate-target='.uvc-heading.ultimate-heading-27456a05c6c3ebc50 .uvc-sub-heading '  data-responsive-json-new='{\"font-size\":\"\",\"line-height\":\"\"}'  style=\"font-weight:normal;\"><i class=\"fa fa-check-square\"><\/i> Holter de 24 a 72 horas<br \/>\n<i class=\"fa fa-check-square\"><\/i> 3 anos de garantia<br \/>\n<i class=\"fa fa-check-square\"><\/i> Utiliza uma pilha AAA<br \/>\n<i class=\"fa fa-check-square\"><\/i> Possui um cabo robusto<br \/>\n<i class=\"fa fa-check-square\"><\/i> L\u00edder de mercado no Brasil<\/div><\/div>[\/vc_column][vc_column width=&#8221;1\/2&#8243;][vc_single_image image=&#8221;18&#8243; img_size=&#8221;full&#8221; alignment=&#8221;center&#8221;][\/vc_column][\/vc_row][vc_row el_id=&#8221;section-caracteristicas&#8221;][vc_column width=&#8221;1\/3&#8243;]<div class=\"zozo-vc-icons text-center\"><i class=\"fas fa-heartbeat icon-shape icon-square icon-exlarge icon-light zozo-icon\"style=\"color:#ffffff; background-color: #234a97;\"><\/i><\/div>[vc_column_text]<\/p>\n<p style=\"text-align: center;\"><strong>CardioSeven<\/strong><\/p>\n<p style=\"text-align: center;\">Aumenta o poder de diagn\u00f3stico registrando os tr\u00eas canais de ECG por 7 dias consecutivos.<\/p>\n<p>[\/vc_column_text][\/vc_column][vc_column width=&#8221;1\/3&#8243;][vc_single_image image=&#8221;69&#8243; img_size=&#8221;medium&#8221; alignment=&#8221;center&#8221;][\/vc_column][vc_column width=&#8221;1\/3&#8243;]<div class=\"zozo-vc-icons text-center\"><i class=\"fas fa-heartbeat icon-shape icon-square icon-exlarge icon-light zozo-icon\"style=\"color:#ffffff; background-color: #234a97;\"><\/i><\/div>[vc_column_text]<\/p>\n<p style=\"text-align: center;\"><strong>CardioLoop<\/strong><\/p>\n<p style=\"text-align: center;\">Gravador de mem\u00f3ria cont\u00ednua para registro de eventos sintom\u00e1ticos espor\u00e1dicos.<\/p>\n<p>[\/vc_column_text][\/vc_column][\/vc_row][vc_row typo_style=&#8221;light&#8221; bg_type=&#8221;bg_color&#8221; bg_override=&#8221;full&#8221; bg_color_value=&#8221;#234a97&#8243;][vc_column][vc_row_inner][vc_column_inner width=&#8221;1\/4&#8243;][\/vc_column_inner][vc_column_inner width=&#8221;1\/2&#8243;]<div id=\"ultimate-heading-35686a05c6c3ebcf6\" class=\"uvc-heading ult-adjust-bottom-margin ultimate-heading-35686a05c6c3ebcf6 uvc-2444 \" data-hspacer=\"line_only\"  data-halign=\"center\" style=\"text-align:center\"><div class=\"uvc-heading-spacer line_only\" style=\"topheight:10px;\"><span class=\"uvc-headings-line\" style=\"border-style:solid;border-bottom-width:10px;border-color:#ffffff;width:40px;\"><\/span><\/div><div class=\"uvc-main-heading ult-responsive\"  data-ultimate-target='.uvc-heading.ultimate-heading-35686a05c6c3ebcf6 h2'  data-responsive-json-new='{\"font-size\":\"desktop:24px;\",\"line-height\":\"\"}' ><h2 style=\"font-weight:bold;margin-bottom:30px;\">FALE COM O NOSSO TIME DE VENDAS<\/h2><\/div><div class=\"uvc-sub-heading ult-responsive\"  data-ultimate-target='.uvc-heading.ultimate-heading-35686a05c6c3ebcf6 .uvc-sub-heading '  data-responsive-json-new='{\"font-size\":\"\",\"line-height\":\"\"}'  style=\"font-weight:normal;margin-bottom:25px;\"><strong>Clique abaixo para acessar o nosso formul\u00e1rio de contato<\/strong> ou utilize o bot\u00e3o WhatsApp no canto da tela.<\/div><\/div><div class=\" ubtn-ctn-center \"><a class=\"ubtn-link ult-adjust-bottom-margin ubtn-center ubtn-small \" href=\"https:\/\/api.whatsapp.com\/send?phone=5521997672023\" target=\"_blank\" rel=\"noopener\" ><button type=\"button\" id=\"ubtn-6228\"  class=\"ubtn ult-adjust-bottom-margin ult-responsive ubtn-small ubtn-no-hover-bg  none  ubtn-center   tooltip-6a05c6c3ebd30\"  data-hover=\"#f6393b\" data-border-color=\"\" data-bg=\"#f6393b\" data-hover-bg=\"#ffffff\" data-border-hover=\"\" data-shadow-hover=\"\" data-shadow-click=\"none\" data-shadow=\"\" data-shd-shadow=\"\"  data-ultimate-target='#ubtn-6228'  data-responsive-json-new='{\"font-size\":\"\",\"line-height\":\"\"}'  style=\"font-weight:bold;border:none;background: #f6393b;color: #ffffff;\"><span class=\"ubtn-hover\" style=\"background-color:#ffffff\"><\/span><span class=\"ubtn-data ubtn-text \" >FALAR AGORA<\/span><\/button><\/a><\/div>[\/vc_column_inner][vc_column_inner width=&#8221;1\/4&#8243;][\/vc_column_inner][\/vc_row_inner][\/vc_column][\/vc_row][vc_row el_id=&#8221;section-beneficios&#8221;][vc_column width=&#8221;1\/3&#8243;]<div class=\"aio-icon-component    style_1\"><div id=\"Info-box-wrap-8610\" class=\"aio-icon-box square_box-icon\" style=\"background-color:#f0f0f0;\"  ><div class=\"aio-icon-header\" ><h3 class=\"aio-icon-title ult-responsive\"  data-ultimate-target='#Info-box-wrap-8610 .aio-icon-title'  data-responsive-json-new='{\"font-size\":\"desktop:25px;\",\"line-height\":\"\"}'  style=\"font-weight:bold;\">Qualidade<\/h3><\/div> <!-- header --><div class=\"aio-icon-description ult-responsive\"  data-ultimate-target='#Info-box-wrap-8610 .aio-icon-description'  data-responsive-json-new='{\"font-size\":\"\",\"line-height\":\"\"}'  style=\"\">Hardware robusto e algor\u00edtimos que proporcionam uma alta qualidade dos tra\u00e7ados e redu\u00e7\u00e3o do tempo de an\u00e1lise.<\/div> <!-- description --><\/div> <!-- aio-icon-box --><\/div> <!-- aio-icon-component -->[\/vc_column][vc_column width=&#8221;1\/3&#8243;]<div class=\"aio-icon-component    style_1\"><div id=\"Info-box-wrap-8373\" class=\"aio-icon-box square_box-icon\" style=\"background-color:#e5e5e5;\"  ><div class=\"aio-icon-header\" ><h3 class=\"aio-icon-title ult-responsive\"  data-ultimate-target='#Info-box-wrap-8373 .aio-icon-title'  data-responsive-json-new='{\"font-size\":\"desktop:25px;\",\"line-height\":\"\"}'  style=\"font-weight:bold;\">Velocidade<\/h3><\/div> <!-- header --><div class=\"aio-icon-description ult-responsive\"  data-ultimate-target='#Info-box-wrap-8373 .aio-icon-description'  data-responsive-json-new='{\"font-size\":\"\",\"line-height\":\"\"}'  style=\"\">O Software <em>Cardionet Client<\/em> possibilita o envio e recebimentos de exames (telemedicina) de forma r\u00e1pida, intuitiva e segura.<\/div> <!-- description --><\/div> <!-- aio-icon-box --><\/div> <!-- aio-icon-component -->[\/vc_column][vc_column width=&#8221;1\/3&#8243;]<div class=\"aio-icon-component    style_1\"><div id=\"Info-box-wrap-9133\" class=\"aio-icon-box square_box-icon\" style=\"background-color:#f0f0f0;\"  ><div class=\"aio-icon-header\" ><h3 class=\"aio-icon-title ult-responsive\"  data-ultimate-target='#Info-box-wrap-9133 .aio-icon-title'  data-responsive-json-new='{\"font-size\":\"desktop:25px;\",\"line-height\":\"\"}'  style=\"font-weight:bold;\">Garantia<\/h3><\/div> <!-- header --><div class=\"aio-icon-description ult-responsive\"  data-ultimate-target='#Info-box-wrap-9133 .aio-icon-description'  data-responsive-json-new='{\"font-size\":\"\",\"line-height\":\"\"}'  style=\"\"><strong>3 anos de garantia total para o gravador de holter!<\/strong> Mais tranquilidade e seguran\u00e7a para o seu servi\u00e7o de cardiologia.<\/div> <!-- description --><\/div> <!-- aio-icon-box --><\/div> <!-- aio-icon-component -->[\/vc_column][\/vc_row][vc_row typo_style=&#8221;light&#8221; bg_type=&#8221;image&#8221; parallax_style=&#8221;vcpb-vz-jquery&#8221; bg_image_new=&#8221;id^44|url^https:\/\/sigeral.com\/cardiolight\/wp-content\/uploads\/2022\/02\/img-parallax-01.jpg|caption^null|alt^null|title^img-parallax-01|description^null&#8221; bg_image_repeat=&#8221;no-repeat&#8221; bg_override=&#8221;full&#8221; enable_overlay=&#8221;enable_overlay_value&#8221; overlay_color=&#8221;rgba(33,25,21,0.7)&#8221; overlay_pattern=&#8221;01.png&#8221;][vc_column][vc_empty_space][vc_row_inner][vc_column_inner width=&#8221;1\/4&#8243;][\/vc_column_inner][vc_column_inner width=&#8221;1\/2&#8243;]<div id=\"ultimate-heading-54546a05c6c3ec395\" class=\"uvc-heading ult-adjust-bottom-margin ultimate-heading-54546a05c6c3ec395 uvc-7622 \" data-hspacer=\"line_only\"  data-halign=\"center\" style=\"text-align:center\"><div class=\"uvc-heading-spacer line_only\" style=\"topheight:10px;\"><span class=\"uvc-headings-line\" style=\"border-style:solid;border-bottom-width:10px;border-color:#ffffff;width:40px;\"><\/span><\/div><div class=\"uvc-main-heading ult-responsive\"  data-ultimate-target='.uvc-heading.ultimate-heading-54546a05c6c3ec395 h2'  data-responsive-json-new='{\"font-size\":\"desktop:24px;\",\"line-height\":\"\"}' ><h2 style=\"font-weight:bold;margin-bottom:30px;\">BAIXE O NOSSO CAT\u00c1LOGO DIGITAL<\/h2><\/div><div class=\"uvc-sub-heading ult-responsive\"  data-ultimate-target='.uvc-heading.ultimate-heading-54546a05c6c3ec395 .uvc-sub-heading '  data-responsive-json-new='{\"font-size\":\"\",\"line-height\":\"\"}'  style=\"font-weight:normal;margin-bottom:25px;\"><strong>Baixe o cat\u00e1logo em PDF e<\/strong> tenha acesso as informa\u00e7\u00f5es sobre todos os nossos produtos e servi\u00e7os.<\/div><\/div><div class=\" ubtn-ctn-center \"><a class=\"ubtn-link ult-adjust-bottom-margin ubtn-center ubtn-small \" href=\"https:\/\/www.sigeral.com\/pdf\/catalogo.pdf\" target=\"_blank\" rel=\"noopener\" ><button type=\"button\" id=\"ubtn-6143\"  class=\"ubtn ult-adjust-bottom-margin ult-responsive ubtn-small ubtn-no-hover-bg  none  ubtn-center   tooltip-6a05c6c3ec3d6\"  data-hover=\"#f6393b\" data-border-color=\"\" data-bg=\"#f6393b\" data-hover-bg=\"#ffffff\" data-border-hover=\"\" data-shadow-hover=\"\" data-shadow-click=\"none\" data-shadow=\"\" data-shd-shadow=\"\"  data-ultimate-target='#ubtn-6143'  data-responsive-json-new='{\"font-size\":\"\",\"line-height\":\"\"}'  style=\"font-weight:bold;border:none;background: #f6393b;color: #ffffff;\"><span class=\"ubtn-hover\" style=\"background-color:#ffffff\"><\/span><span class=\"ubtn-data ubtn-text \" >BAIXA AGORA<\/span><\/button><\/a><\/div>[\/vc_column_inner][vc_column_inner width=&#8221;1\/4&#8243;][\/vc_column_inner][\/vc_row_inner][vc_empty_space][\/vc_column][\/vc_row]<\/p>\n","protected":false},"excerpt":{"rendered":"<p>[vc_row typo_style=&#8221;light&#8221; bg_type=&#8221;image&#8221; parallax_style=&#8221;vcpb-vz-jquery&#8221; bg_image_new=&#8221;id^52|url^https:\/\/sigeral.com\/cardiolight\/wp-content\/uploads\/2022\/02\/img-slider-01.jpg|caption^null|alt^null|title^img-slider-01|description^null&#8221; bg_image_repeat=&#8221;no-repeat&#8221; bg_override=&#8221;full&#8221; enable_overlay=&#8221;enable_overlay_value&#8221; overlay_color=&#8221;rgba(33,25,21,0.75)&#8221; overlay_pattern=&#8221;01.png&#8221;][vc_column][vc_empty_space height=&#8221;50px&#8221;][vc_row_inner][vc_column_inner width=&#8221;1\/6&#8243;][\/vc_column_inner][vc_column_inner width=&#8221;2\/3&#8243;][vc_column_text] OFERE\u00c7A O QUE H\u00c1 DE MAIS MODERNO EM EXAMES CARDIOL\u00d3GICOS PARA OS SEUS PACIENTES [\/vc_column_text][\/vc_column_inner][vc_column_inner width=&#8221;1\/6&#8243;][\/vc_column_inner][\/vc_row_inner][vc_empty_space height=&#8221;50px&#8221;][\/vc_column][\/vc_row][vc_row&#8230;<\/p>\n","protected":false},"author":1,"featured_media":0,"parent":0,"menu_order":0,"comment_status":"closed","ping_status":"closed","template":"","meta":{"footnotes":""},"class_list":["post-8","page","type-page","status-publish","hentry"],"_links":{"self":[{"href":"https:\/\/sigeral.com\/cardiolight\/wp-json\/wp\/v2\/pages\/8","targetHints":{"allow":["GET"]}}],"collection":[{"href":"https:\/\/sigeral.com\/cardiolight\/wp-json\/wp\/v2\/pages"}],"about":[{"href":"https:\/\/sigeral.com\/cardiolight\/wp-json\/wp\/v2\/types\/page"}],"author":[{"embeddable":true,"href":"https:\/\/sigeral.com\/cardiolight\/wp-json\/wp\/v2\/users\/1"}],"replies":[{"embeddable":true,"href":"https:\/\/sigeral.com\/cardiolight\/wp-json\/wp\/v2\/comments?post=8"}],"version-history":[{"count":48,"href":"https:\/\/sigeral.com\/cardiolight\/wp-json\/wp\/v2\/pages\/8\/revisions"}],"predecessor-version":[{"id":70,"href":"https:\/\/sigeral.com\/cardiolight\/wp-json\/wp\/v2\/pages\/8\/revisions\/70"}],"wp:attachment":[{"href":"https:\/\/sigeral.com\/cardiolight\/wp-json\/wp\/v2\/media?parent=8"}],"curies":[{"name":"wp","href":"https:\/\/api.w.org\/{rel}","templated":true}]}}